 + 1523 = w. Let f = -341 + 1170. Let a = f - v. Is a a prime number?
False
Let x = 164 - 182. Is 4/x + 19053/81 a composite number?
True
Let n(u) be the second derivative of -u**5/4 - u**4/6 + 35*u**3/6 - 15*u**2/2 + 280*u. Is n(-10) a prime number?
False
Suppose -5*y - 5*v + 1459016 = 409561, -3*v = -12. Is y composite?
False
Let i(q) = q**3 - 123*q**2 - 602*q - 687. Is i(133) prime?
True
Suppose 3*p + 686183 + 83366 = 14*p. Is p prime?
True
Let j be (-2)/(-12) + (-185)/(-222). Let d(i) = 2252*i - 43. Is d(j) a prime number?
False
Let y(d) = -174*d**3 - d**2. Let f be y(1). Let b be 10/(-20) - f/2. Suppose -244 = -i + b. Is i a prime number?
True
Suppose -36*w = -91*w + 99*w - 1751332. Is w prime?
False
Suppose 15 = -9*m - 3. Let k be (m/4)/(7/(-154)). Let i(z) = 3*z**2 - 26*z + 2. Is i(k) composite?
False
Let f(a) be the third derivative of -467*a**4/12 - 13*a**3/3 + 8*a**2. Let y be f(-6). Suppose -h + 2*t + 2789 = 0, 2*h - y = -t + 4*t. Is h prime?
True
Let b = 627369 - 374372. Is b a prime number?
False
Suppose -19*x = -17*x. Suppose -5*h = -x*h - 3890. Suppose 8*b - 142 = h. Is b a composite number?
True
Let o(c) = -c**3 - 5*c**2 - 5*c - 11. Let t be o(-5). Suppose -3*j = g - 2*g - 23, 2*j = 2*g + t. Suppose 0*v = -j*v + 208. Is v composite?
True
Let p = -178 - -178. Suppose 13*z + 9*z - 50314 = p. Is z prime?
True
Let q = 1926019 - 1054136. Is q a composite number?
False
Let c = 352 + -1086. Let x = c + 1686. Suppose 5*i + x = 3*f, -45 = 2*f - 2*i - 681. Is f a composite number?
True
Let h(u) be the first derivative of 307*u**3/3 + 13. Suppose 2*s + 8 = 2*w, w - 3*w = 4*s + 22. Is h(w) composite?
False
Suppose -3*u - 7 - 83 = 0. Let c be 1 + 932 - 2*2. Let w = u + c. Is w a prime number?
False
Let d(b) = 166188*b**3 + 9*b**2 - 22*b + 14. Is d(1) a composite number?
False
Let v(g) = -1. Let q(p) = -98*p + 167*p + 81 - 88*p. Let k(d) = -q(d) + 4*v(d). Is k(29) a prime number?
False
Suppose 62*n + 16365 - 28170 - 23721 = 0. Is n a prime number?
False
Let o(n) = 6*n - 245. Let b(t) = -2*t + 81. Let m(d) = -17*b(d) - 6*o(d). Is m(-28) prime?
True
Let b(l) = -8*l**3 - 9*l**2 + 5*l - 10. Let y(k) = 7*k**3 + 9*k**2 - 6*k + 9. Let m(x) = -6*b(x) - 7*y(x). Let w be 1*26/(0 + -2). Is m(w) a composite number?
True
Let j = -3 + 3. Suppose j = 4*c + 1867 + 357. Let q = c - -885. Is q a prime number?
False
Suppose 2*p = -m - 2, 3*p + 16 = 2*m - 1. Let h = 5 + p. Suppose 961 = 2*z - i, 2*z + h*i + i - 949 = 0. Is z composite?
False
Let d be ((-42)/(-147))/(3/42). Suppose -3*h = -5*o + 2*h + 1070, 2*h - 856 = -d*o. Is o a composite number?
True
Let d be (-1963)/(-117) + 2/9. Let h = d - 22. Is (-15961)/(-55) - 4/h a prime number?
False
Let f(d) = 3*d**3 - 7*d**2 + 2*d + 4. Let w(y) = -y**3 + y**2 + y - 1. Let n(t) = -f(t) - 2*w(t). Let l be n(3). Suppose l*a - 36 = 192. Is a prime?
False
Let g = 6706 - 3653. Let u = g + -426. Is u composite?
True
Let r = 363 + -355. Suppose -4*t + r = 0, 3*c - 6*c - 4*t + 14651 = 0. Is c a composite number?
True
Suppose -5*k = -5*d - 20, -2*k - d + 4 + 4 = 0. Suppose -3528 = -3*o - 0*o. Suppose -2*h + 566 = b - 28, -k*h = -b - o. Is h prime?
False
Let d = 118644 + -28061. Is d composite?
False
Let z(y) = y**3 - 13*y**2 + 13*y - 12. Let j be z(12). Suppose 3*c - 6354 - 5520 = j. Is c composite?
True
Let d = -286 + 292. Suppose 90386 = d*q + 19724. Is q a prime number?
True
Let f be -4*1 - 285975/(-75). Is -4 - (-2 - (1 + -2))*f prime?
False
Is (1*(-28)/42)/(5384351/(-1794783) - -3) a prime number?
True
Let u(z) = -10*z**3 - 2*z**2 - 22*z - 159. Is u(-5) composite?
False
Let q(v) = v**3 - 4*v**2 - 13*v - 6. Let x be q(6). Let j be -2*(2 - (-90)/x). Suppose -j*a + 15*a = 8860. Is a prime?
False
Let j(c) = 313*c + 116837. Is j(0) prime?
False
Suppose -15584 + 68271 = 19*f. Is f a composite number?
True
Let v(i) = 14*i**2 - 2*i + 19. Suppose -f - 29 = -5*x, -2*f - 2*f - 16 = 0. Suppose k + 6 = -2*k + x*s, s = 5*k + 32. Is v(k) prime?
True
Let c(r) = -r**3 - 38*r**2 + 6*r + 17. Let t be c(-16). Let i = 9544 + t. Is i prime?
True
Let b = -40320 + 186073. Is b a prime number?
True
Let h be (-126855)/(-75) + 6/10. Suppose u + 399 = h. Is u prime?
False
Let g(j) = 18719*j**2 + 550*j + 1660. Is g(-3) a composite number?
False
Let b = -87528 + 136429. Is b a prime number?
False
Is 1*(0 - (2 + 0))*(-3239537)/238 a prime number?
False
Let k(h) = 3*h**2 + h - 1. Let v be k(1). Let q(t) = -10 + 29*t - 32*t + 22*t. Is q(v) composite?
False
Is (-6 + 3)/(14/((-481810)/15)) prime?
True
Is (-12)/(84/(-35)) + -2 + 45128 a prime number?
True
Let g = 86181 - 43574. Is g prime?
False
Is (-2)/((-26)/997087*1) a composite number?
True
Suppose -629*w - 5052990 = 593*w - 1252*w. Is w prime?
True
Suppose -1379 + 55 = 2*i - 2*f, -4*i - 2644 = -5*f. Let y = i - -1223. Is y composite?
False
Suppose 0 = -23*t - 1138651 + 9238814. Is t a prime number?
True
Suppose 43412845 - 8459019 = 74*i. Is i a prime number?
True
Let n = 24179 - 15997. Let m = -3263 + n. Is m a prime number?
True
Let p(x) = -107*x + 323. Let w be p(3). Suppose 3*j = 4*g - 264, 4*g = 2*g - 4*j + 154. Suppose -w*u - g = -5*u. Is u a prime number?
True
Is -18 + -5 + 463507 - 25 composite?
False
Let p(u) = 6963*u - 386. Is p(11) prime?
True
Let j(n) = 12*n**3 + 63*n**2 + 65*n - 96. Is j(22) prime?
False
Suppose -m - 5*a - 5 = -33, a = 4. Suppose g + 4 = -3*r, -m*r - 15 = -3*r. Suppose 0 = -g*h - 8000 + 21535. Is h composite?
False
Suppose 8*w - 3*d = 9*w - 215687, 3*w - 647035 = 4*d. Is w composite?
False
Let x(n) = -n**2 - 9*n - 18. Let t be x(-6). Suppose 9*c + 10 = 4*c, -4*u - c + 18 = t. Suppose -5*j - 10*b + 5580 = -15*b, j + u*b = 1122. Is j a prime number?
True
Is (-3)/(117/(-2174763)) + -3 + (-74)/(-26) a prime number?
True
Suppose -38 - 4 = -6*o. Suppose 42666 = o*k + 5839. Is k a composite number?
False
Suppose 4*c - 25*y - 914332 = -28*y, -3*c + 5*y + 685749 = 0. Is c a prime number?
False
Let n be (2/8 + 75/(-140))*7. Is (-2 - (6 + 25099))*n/6 a prime number?
True
Let y be -3 + 0/3 + 3. Let d be (3 + -3)/(-5) - y. Suppose d = -3*m + t + 4988, 4*m - 4085 = 3*t + 2564. Is m prime?
True
Let x(g) = -g**3 - 19*g**2 - 87*g + 52. Is x(-21) prime?
False
Suppose -9*n - 5*h - 4937 = -11*n, -n = -5*h - 2466. Suppose -25*j + 26*j = n. Is j a prime number?
False
Let k = -351 - -350. Is (0 - 1)/(k - 411640/(-411644)) a prime number?
True
Suppose 0 = 3*j + 4*j - 84. Suppose -3*l - 2*o + 8 = 0, -4*l + 0*o = 4*o - j. Is l - 5 - (-4896)/9 composite?
False
Suppose -252 = -10*c + 22*c. Let j be (-36)/21 + 6/c. Is 72/(-48)*((-112)/3 - j) composite?
False
Let j(t) = 162*t**2 - 254*t + 667. Is j(-93) composite?
False
Is ((-845382)/(-30))/((-18)/(-15) - 1) a prime number?
True
Let x = -466165 - -696374. Is x prime?
False
Is (-12)/56*-4 - (-4236156)/252 a composite number?
False
Let l be (((-79)/1)/((-7)/(-14)))/1. Is (l/158)/((6/(-9658))/3) composite?
True
Let u = 399 + -389. Suppose -1719 = -4*x + 5*d, 9*x + 427 = u*x - 4*d. Is x a prime number?
True
Let y = 769758 - 493865. Is y a composite number?
True
Let m(l) = -130*l + 64*l - 155*l + 74 - 180*l. Is m(-9) a prime number?
False
Is (-2)/6*(-3432180)/(-100)*10/(-2) a composite number?
False
Suppose -5*s = -3*c - 2*c - 3425, -2*c = 8. Suppose -z + 2642 = s. Is z prime?
False
Let k = 2092945 - 649332. Is k composite?
False
Suppose -3*h + b + 2 = 0, 2*h + 5*b = -3*h + 30. Let l(q) = 10 - 21*q**h + 31*q**2 - 2*q + 14*q + q**3. Is l(9) prime?
True
Let y be (-600)/(-88) - ((-4)/22)/1. Suppose 23 = y*f + 23. Suppose n = -f*n + 514. Is n composite?
True
Let f = -111038 + 209527. Is f composite?
True
Let q = -4675 + 2800. Let s be (5/10)/(20/129440). Let j = q + s. Is j prime?
True
Suppose 10*s + 431 - 521 = 0. Let q(f) = 478*f - 31. Is q(s) a prime number?
True
Suppose 4*i = 14 + 2. Let b be 2/8 - 5545/i. Let w = b - -2425. Is w prime?
True
Suppose 7*t = -x + 3*t + 5853, 17507 = 3*x - t. Suppose 0 = -3*g + 17120 - x. Is g a composite number?
False
Let a(s) = 685*s**2 - 94*s - 15. Is a(8) a prime number?
False
Let c(q) = 18*q**3 - 9*q**2 + 10*q - 25. Let f(s) = 19*s**3 - 9*s**2 + 9*s - 26. Let t(i) = 3*c(i) - 2*f(i). Is t(6) composite?
False
Let a = 521 - 521. Suppose a = -19*j + 8*j + 11737. Is j a prime number?
False
Let i be (16610/5)/(10/85). Let 